7*k + 12. Let t be l(-2). Suppose 112*y = 106*y + t. Is y prime?
False
Let k(s) = -s**2 - 8*s - 4. Let z be k(-8). Let y be (-1)/((-35)/10 - z). Is (4/(-6))/(4480/(-2235) - y) prime?
True
Let c = -425 + 419. Is 6*4/c - (4 - 5787) prime?
True
Let o be (-869720)/(-51) - 2/6. Suppose -3*c - 3556 = -o. Suppose 2*u = 2*y - y - c, -3*u + 22495 = 5*y. Is y composite?
True
Let u(s) = s**2 - 2*s. Let t be u(2). Suppose y + t*y = 374. Is y - -1*(-4 - -3) prime?
True
Is 7/(-196) + 4806189/476 composite?
True
Suppose -7657*q - 33516 = -7669*q. Let r be (-2)/((-1)/2435*2). Suppose -4*k + r = h - 3156, -2*k - h = -q. Is k composite?
False
Suppose -7*o + a = -2*o - 3188, -5*a + 2562 = 4*o. Let u = 13 + -15. Is 6/u + (o - 4) composite?
False
Let o(w) = w. Let l(c) = 287*c + 4. Let v(t) = l(t) - 2*o(t). Suppose -16*b + 18 = 2. Is v(b) prime?
False
Let f be -2 - (-2 - -19) - -2 - -1. Let p be ((-63)/12)/((-1)/f). Is (2 + p)/(4 - 5) composite?
True
Let n(s) = 248626*s**3 - s**2 + 5*s - 1. Is n(1) a composite number?
True
Let j(r) = -185*r**2 - 60*r - 184. Let z(u) = -93*u**2 - 30*u - 92. Let d(q) = 6*j(q) - 13*z(q). Is d(-19) a prime number?
False
Let i = 20 + -14. Let t(l) = 596*l - 2. Let b be t(i). Suppose 0 = -3*x - 967 + b. Is x composite?
True
Let m = -619 - -1055. Let p = 2828 - 2011. Let g = m + p. Is g prime?
False
Let k(i) = -i**2 + 28*i + 4. Let y be k(28). Suppose 3*l + y*p = 4538, 25*p - 27*p = -3*l + 4544. Is l a prime number?
False
Is 6569990/6 + (-444)/(-666) prime?
True
Suppose 5*a - 20 = 0, c - 1 = -5*a + 16. Is (2247 + 2 - c) + (2 - -3) a composite number?
True
Let h(t) = 4863*t**3 - t**2 + 5*t - 4. Let r be h(1). Suppose q + i = -0*q + r, 0 = 2*q - 5*i - 9712. Is q a composite number?
False
Let z(r) = r**3 + 7*r**2 + 14. Let a be z(-7). Let w(n) be the first derivative of 13*n**2/2 + 19*n - 1. Is w(a) prime?
False
Let n(s) = 648*s**2 - 12*s - 55. Let w be n(-6). Let t = w - 9636. Is t prime?
True
Suppose 26 = 2*z - 4*v, -5*v + 2*v - 18 = -z. Suppose -5*g - 1746 = 31*w - 32*w, z*g + 5226 = 3*w. Is w composite?
False
Let l be (5 + -22)*(2 - 0). Let y = 36 + l. Suppose y*i + 770 = -2*c + 3498, 5*c = 4*i + 6793. Is c a prime number?
True
Suppose 3*y = -3*l + 75237, -2*l - 42*y = -38*y - 50158. Is l prime?
False
Suppose 0 = 86*x - 4041433 + 1001075. Is x a composite number?
False
Suppose -41790239 = -129*q + 2*q. Is q a prime number?
False
Let d = -8644 - -9650. Is d composite?
True
Let b be 2/(-10) + (-11687)/65. Let j be ((-183)/(-9))/((7/b)/(-7)). Suppose -5*q = 3*n - n - 1818, 0 = 4*n + 4*q - j. Is n a composite number?
False
Suppose -3*d = 23854 - 94525. Is d prime?
True
Is ((-52)/(-6) - 9)*-205131 a prime number?
False
Let l be 2 + (3/2)/(18/12). Suppose l*d - 12*d + 2340 = 0. Let c = 847 - d. Is c a prime number?
True
Let v = -182311 + 274464. Is v a composite number?
False
Suppose 13*j = -65*j + 21096582. Is j prime?
False
Suppose -683575 = -2*q + 7*w - 10*w, 683631 = 2*q - 5*w. Is q composite?
True
Let r(u) = -2*u**3 + 146*u**2 - 30*u - 229. Is r(72) a composite number?
True
Let c = -406537 + 1054556. Is c composite?
False
Let m be (-30 - -24)*(84 - 0). Let d = m + 1871. Is d prime?
True
Let k = 342 - 345. Is 4542 - -15*k/(-9) a prime number?
True
Suppose 17*u + 1 = 18. Let f be u + -1 - 1870*7/(-14). Let t = f + 824. Is t a prime number?
True
Let r(j) = 2*j + 9. Let g be r(0). Suppose -5*z + 5*d + 2255 = 0, -4*d + 902 = 2*z - g*d. Is z a composite number?
True
Let u = 11 - -815. Suppose -22 = -g + h + u, -4*g + 3389 = -5*h. Is g a prime number?
False
Let r be (-21)/(-28) - (-19)/(-4). Let z be ((-12)/7)/((-3)/(-294)*r). Suppose 751 = 43*l - z*l. Is l prime?
True
Suppose -2*i + 111 = 5*l, -7 = 4*i - 4*l - 159. Let s = i + -41. Is ((-1826)/(-44))/(1/s) composite?
False
Let g(j) = -19*j - 14*j - 40463 + 53*j**2 + 40478. Is g(-10) a prime number?
False
Let c = -80555 - -43199. Let p = c - -53261. Is p a prime number?
False
Let y = -462 + 859. Let x = y + -218. Suppose b - 4*a = x, 0 = -3*b - b - 4*a + 816. Is b a composite number?
False
Is 37*19914*(78/(-36))/(-13) composite?
True
Let r = -67 - -77. Suppose 3*j = r + 35. Suppose -3*l - j = 0, 767 = -x + 3*l + 2949. Is x a prime number?
False
Let s(k) = 8*k - 2015. Let j be s(0). Let z = 1503 - j. Is z a composite number?
True
Let y = 39 - 30. Let j be 3/6*(1 + y). Suppose 0*l - 3*l = -12, 4*n = j*l + 5152. Is n a composite number?
True
Let q = 27188 + 6551. Is q prime?
True
Let o be (27/18)/((-6)/9056). Let z = o + 4153. Suppose z = 3*c + 2*c + 4*i, -5*i = 3*c - 1136. Is c a prime number?
False
Let b(f) = -f**3 + 14*f**2 + 31*f + 17. Suppose -3*i + 5*u = 15, -4*i + 4*u - 5*u + 3 = 0. Let n(l) = 2*l + 13. Let d be n(i). Is b(d) a composite number?
True
Let z(n) = -8*n**3 + 144*n**2 - 14*n - 39. Let t be z(18). Let m(j) = -45*j. Let l be m(2). Let i = l - t. Is i a composite number?
True
Let c = 885 - -66026. Is c composite?
True
Suppose -17 = -5*h - 2. Suppose -7*x + 64 = -5*x + h*g, 5*g - 60 = -2*x. Suppose -66*f = -71*f + x. Is f prime?
True
Let t be 9/(27/(-12)) - (2 + -6). Let s(y) = 16*y + 309. Is s(t) composite?
True
Suppose -3*k = 2*h - 204451, 306744 = 3*h - 15*k + 12*k. Is h a composite number?
True
Suppose 3*q + 4*q = 0. Let a be 4 + (-1)/1 + q. Suppose t = -a*f + 293, 2*t + 2*t = f + 1172. Is t a composite number?
False
Let y(v) = -8*v**2 - 16*v - 46. Let j(d) = -8*d**2 - 16*d - 45. Let n(q) = 3*j(q) - 4*y(q). Is n(-35) a prime number?
False
Let j = -93129 + 151838. Is j composite?
True
Suppose 3*k - 1029071 = -17*x + 15*x, -4 = -x. Is k composite?
True
Suppose 0*d = g + d - 6, -6 = 3*g - 3*d. Let a be 215300/120 + (-1)/6. Suppose -g*l = 16 - a. Is l prime?
False
Let d be ((-15)/(-6) + 2)*(-24)/6. Is (d/24)/(-3) - 160175/(-20) prime?
True
Suppose -3*b + 2*b + 3*q = -5540, -3*b = q - 16640. Let w = 4703 + b. Is w a composite number?
True
Let r(y) = y**2 + 24*y - 50. Let x be r(-26). Suppose x*p - 20 = -2*c + 6*c, -2*p + 5*c + 18 = 0. Suppose -9*u - 1810 = -p*u. Is u composite?
True
Suppose 4*t = -11*m + 13*m - 2020, -2*m + 5*t = -2021. Let u = 1835 + m. Is u composite?
False
Suppose 0 = 5*l - 4*j - 2791123, -1674665 = -2025*l + 2022*l - 2*j. Is l a prime number?
True
Suppose -2*s = -2*m - 171610, -5*s + 49*m + 429009 = 48*m. Is s prime?
False
Suppose -4*p = -9*p - l + 103170, 5*p + 4*l = 103155. Is p a prime number?
False
Let b be (-1 + 4)/((-1)/(-1535)). Let o = -10379 + 7621. Let n = b + o. Is n a prime number?
True
Let r = -146 - -151. Let i(j) = 63*j - 8 - 18*j + 1 + 71*j. Is i(r) a composite number?
True
Suppose 11*d - 6405105 = -94*d. Is d composite?
False
Suppose -4*r + h = -325528 - 258201, -5*r - h = -729650. Is r a prime number?
True
Suppose -5*w - 6*w - 88 = 0. Let d be 222/4*w/6. Let a = 171 + d. Is a prime?
True
Let x be ((-5)/(20/42))/(9/(-12)). Suppose 0 = 2*h - x*h + 2556. Is h a composite number?
True
Let b = 111 - 106. Suppose -b*p = -2*y - 35761, p = -2*p + 2*y + 21459. Is p a composite number?
False
Let i(v) = 5*v + 3. Let u(n) = -n. Let z(q) = i(q) + 4*u(q). Let a be ((5984/(-96))/(-17))/((-1)/(-3)). Is z(a) composite?
True
Is 11/((-110)/80) - (-547115 - 4) a composite number?
True
Let j be -2*(42799/(-46) - 24/276). Suppose 5409 = 5*z - j. Is z prime?
False
Let u(q) = 20 - 102*q**2 - 10*q + 232*q**2 + 279*q**2 + 0 + 0. Is u(3) a prime number?
True
Let o = -17329 - -39942. Is o composite?
False
Let y(z) = z**2 + 17*z + 21349. Let x be ((1/(-4)*0)/(-1))/(-3). Is y(x) a prime number?
False
Suppose 4*m - 6*x = 590768, -3*m + x = -379618 - 63437. Is m composite?
True
Let v = -162 - -162. Suppose 0*p + 4*p + 34779 = 3*b, v = 4*p - 12. Is b a composite number?
False
Let f(w) = 3391*w**2 + 117*w - 1299. Is f(10) composite?
True
Let c(y) = y**3 + 10*y**2 - 24*y + 2. Let p be c(-12). Let q = 213 - p. Is q a prime number?
True
Let q = 963836 + -244885. Is q prime?
False
Let n = 646 + 1908. Is n a composite number?
True
Suppose 5*h + 3*r = -176, -7*h - 5*r = -2*h + 180. Let i = 36 + h. Is i/3 - ((-4805)/15 - -4) prime?
True
Let v = 328 + -169. Suppose -153*y + v*y = 9222. Is y a composite number?
True
Let g(v) be the first derivative of 7*v**3/3 + 29*v**2 - 8*v + 7. Is g(-35) prime?
False
Let d = 15 + -11. Let y be (-527)/(3*10/(-150)). Suppose -d*l + y = l. Is l prim